ate the remainder when 58 is divided by v.
13
Let j(i) be the first derivative of i**6/45 - i**4/6 + i**3 - 2. Let g(c) be the third derivative of j(c). What is the remainder when g(-3) is divided by 23?
22
Suppose 2*t + 13 = 37. Let s(l) = -l**3 - 2*l**2 + 5*l - 5. Calculate the remainder when s(-5) is divided by t.
9
Suppose -9*i + 5*i = -512. Calculate the remainder when i is divided by 26.
24
What is the remainder when (-2 + 24/15)/((-1)/80) is divided by 17?
15
Calculate the remainder when 8/((-24)/(-9)) + 20 is divided by 13.
10
Let y(h) = h - 10. Let i be y(11). Suppose -2*g + i = -1. Calculate the remainder when 1 is divided by g.
0
Suppose 5*g - 31 - 69 = 0. What is the remainder when 118 is divided by g?
18
Suppose -10 = -3*x + 4*u, -2*x - u = -x - 8. What is the remainder when 11 is divided by x?
5
Let j(q) = 4*q**2 + q. What is the remainder when 7 is divided by j(-1)?
1
Let p be 5*((-8)/(-4) + 3). Let y = p - 3. Suppose 3*n + 27 = 4*f, -2 + 5 = -3*n. What is the remainder when y is divided by f?
4
Let u = 29 + -19. Let n be (3/4)/((-2)/(-24)). Calculate the remainder when u is divided by (3/2)/(n/24).
2
Let s(o) = 7*o**2 - 6*o + 1. What is the remainder when s(4) is divided by 23?
20
Let s be (3 + -93 + 2)*1. Let r = s - -125. Calculate the remainder when r is divided by 10.
7
Suppose 0 = 2*a - 3*a + 14. Suppose -3*u + 60 = 5*z, -z - 78 = 2*u - 5*u. What is the remainder when u is divided by a?
11
Suppose -2*m + 41 = -r, m = -4*m - 3*r + 75. Calculate the remainder when m is divided by 11.
7
Let u(w) = w**2 - 3*w + 1. Let q be (-58)/(-7) - (-2)/(-7). Let x be u(q). Let f = -13 + x. Calculate the remainder when f is divided by 10.
8
Let y = -28 + 62. Suppose 3*t - 5*z = 409, 2*z = 5*t + 129 - 798. What is the remainder when t is divided by y?
31
Suppose 5*o + 2*a = 38, 42 = 5*o - 0*a - 2*a. Calculate the remainder when 23 is divided by o.
7
Suppose 5*f - 5*k = -0*k - 10, 4*k - 7 = 5*f. Suppose 0*v - 6 = v. Let y = v - -7. Calculate the remainder when f is divided by y.
0
Suppose -3*o + 162 = -6*o. Suppose 0 = -5*b + 2*b + 243. Let d = b + o. Calculate the remainder when d is divided by 14.
13
Suppose -2*c + 2*o + 43 = -31, 4*o - 76 = -3*c. Calculate the remainder when 30 is divided by 6/(-4)*c/(-6).
6
Let u be 2 + -3 - (-17 + 0). Let v = -5 + u. What is the remainder when v is divided by 4?
3
Suppose 2*i - 21 = -a, 3*i - a = 4*a + 51. What is the remainder when 22 is divided by i?
10
Let s(y) = y - 4. Let r be s(3). Let m = 8 + -2. What is the remainder when r + -1 + 14 + -2 is divided by m?
4
Suppose 0 = 2*u - 11*u + 693. Calculate the remainder when u is divided by 20.
17
Suppose 3*b + 89 = 7*b - q, 0 = -3*b - 2*q + 64. What is the remainder when 64 is divided by b?
20
Let r = 28 + 22. What is the remainder when r is divided by 11 + 3 + 0 - -3?
16
Let r(n) = -2*n**3 - 3*n**2 + n + 1. Calculate the remainder when r(-3) is divided by 14.
11
Let t = 59 + -48. Calculate the remainder when (-1 + 11)/((-1)/(-2)) is divided by t.
9
Let a = -141 - -143. Calculate the remainder when 12 is divided by a.
0
Let m(n) = -n**3 + 9*n**2 - 4*n - 3. Let a be -2*((-16)/1)/4. Calculate the remainder when m(a) is divided by 15.
14
Suppose -3*x - 2*j + 0 = -6, 4*j + 12 = 0. Suppose 0 = -w - 2 - 3. Let t = w + 7. What is the remainder when x is divided by t?
0
Suppose 5*w = 2*m + 65, w + 5*m - 18 = -5. Calculate the remainder when 24 is divided by w.
11
Suppose 5*p + 4 = -3*d, -4*p + 3*d = 2*d + 10. What is the remainder when p/7 - 678/(-21) is divided by 11?
10
Suppose 14*l - 27 = 15. Calculate the remainder when l is divided by 3.
0
Let v = 1 - -8. What is the remainder when 15 is divided by v?
6
Let x(q) = -2. Let g(b) = b - 3. Let l(p) = 4*g(p) - 9*x(p). Calculate the remainder when 51 is divided by l(5).
25
Let a(r) = 3*r - 14. What is the remainder when 38 is divided by a(8)?
8
Let v(p) = p**3 + 11*p**2 + 12*p - 5. Calculate the remainder when 192 is divided by v(-9).
45
Suppose 4*m - 20 = 3*m. Let b(k) = 3*k**2 - 2*k - 7. Calculate the remainder when b(5) is divided by m.
18
What is the remainder when (272/51)/(4/30) is divided by 11?
7
Suppose s + s - n - 88 = 0, 5*n = 2*s - 104. Let a = 151 + -78. Let x = a - s. What is the remainder when x is divided by 16?
15
Let g(i) be the second derivative of i**5/20 - i**4/4 - 5*i**3/6 + 2*i**2 + 3*i. Let h be g(4). Calculate the remainder when 26 is divided by h/4 + 42/3.
12
Suppose j + 16 = -5*g, -2*j - 10 - 1 = 3*g. Let m = j - -12. Calculate the remainder when 21 is divided by m.
10
Let z be 0 + (-14)/(2 + 0). Calculate the remainder when (z/(-2))/(1/10) is divided by 18.
17
Suppose 3*q - 80 = -2*q. Suppose -21 = -2*u + 3*r, -6*u + 40 = -u + 5*r. What is the remainder when q is divided by u?
7
Suppose -4*p - j = -2*j - 63, p - 3*j = 13. Let g = 129 - 4. Let q = -79 + g. Calculate the remainder when q is divided by p.
14
Let i be 57/9 + 1/(-3). What is the remainder when 9 is divided by (-40)/(-6) - 4/i?
3
Let u be ((-4)/(-10))/((-2)/(-150)). Calculate the remainder when 10 is divided by (-12)/16 + u/8.
1
Let f = 3 + 16. Calculate the remainder when ((-220)/(-12))/(1/3) is divided by f.
17
Let c = -94 + 58. Let r = 79 + c. Let k = -18 + 33. What is the remainder when r is divided by k?
13
Suppose 2*o - 88 = 2*q, -2*q - 108 = -3*o - 7*q. Calculate the remainder when o is divided by 22.
19
Let k(b) = -b**2 + 16*b - 22. Suppose -2*c + 99 = c. Calculate the remainder when c is divided by k(13).
16
Suppose -2*h = -q - 12, -4*q = -2*h - 5*q + 4. Let s(a) = 2*a - 4. Let l be s(5). Let j = l + 0. Calculate the remainder when j is divided by h.
2
Let v(c) = -c**2 - 17*c + 25. What is the remainder when v(-18) is divided by 3?
1
Let d(l) = 10*l - 1. Let z = 48 + -38. Calculate the remainder when d(3) is divided by z.
9
Let y = 47 - 34. What is the remainder when y is divided by 7?
6
Let z(b) = -1 + 2 - 13 - 2*b. Suppose a = -4*a - 40. Calculate the remainder when 7 is divided by z(a).
3
Let h(g) = g**3 + 72. Let a be h(0). Suppose -5*x = -z - a, -2*x + 4*z + 12 = -24. Calculate the remainder when 38 is divided by x.
10
Let s = 7 + 5. Calculate the remainder when 45 is divided by s.
9
What is the remainder when (-50)/3*(-6 - (-12)/(-5)) is divided by 13?
10
Suppose 385 = 3*a + 4*a. What is the remainder when a is divided by 15?
10
Let g = -4 - -7. Suppose -a = g*a. Suppose 5*m - 2*s - 2*s = 105, a = -4*m - 2*s + 58. Calculate the remainder when 33 is divided by m.
16
Let u = -26 - -49. Suppose -4*b = -o - 27, o - 21 = -4*b + 16. Calculate the remainder when u is divided by b.
7
Calculate the remainder when 47 is divided by -3*(-64)/12 - 4.
11
Let l = 141 - 94. Let a = -20 + l. Calculate the remainder when a is divided by 10.
7
Let o(b) = b**3 + 17*b**2 - 4*b + 17. Let n(j) = -6*j**2 + j - 6. Let r(k) = 8*n(k) + 3*o(k). What is the remainder when r(2) is divided by 14 + (-4)/2 - 1?
9
Suppose p = 3*p. Let q(x) = 3*x**3 + x**2. Let v be q(1). Suppose 0 = -4*y + v*c + 44, -2*c = -p*y + y + 1. Calculate the remainder when y is divided by 3.
1
Suppose 15 = 3*s - l, 0*l = -2*l - 6. Let x(w) = -2*w**2 + 4*w + 4. Let z be x(4). Calculate the remainder when 1/(-1 - z/11) is divided by s.
3
Let p(r) = -6*r**3 + 2*r**2 + 2*r + 1. Let v = -3 + 5. What is the remainder when p(-1) is divided by v?
1
Calculate the remainder when (-7)/28 - (-346)/8 is divided by 15.
13
Suppose 0 = 5*l + 4*c - 27, 5*l + 5*c - 29 - 1 = 0. What is the remainder when 11 is divided by l?
2
Let u be 1 - (2 - 0 - 1). Let g be ((-2)/2 + u)*-43. Suppose -g = -4*h + 93. Calculate the remainder when h is divided by 12.
10
Let y be 2/10 + (-11)/5. Let f = -16 + y. Let m = -10 - f. What is the remainder when 15 is divided by m?
7
Let u = 8 + -13. What is the remainder when 17 is divided by 1/5 - 44/u?
8
Let l(n) = n + 6. Let m be l(0). Suppose 53 = o + 3*b, m*o - 5*b - 173 = 3*o. Calculate the remainder when o is divided by 19 - 0/((-4)/2).
18
Suppose 0 = 5*c - 4*c. Let v = 6 - c. Calculate the remainder when 44 is divided by ((-3)/v)/((-2)/60).
14
Let n = -195 + 299. Let t = 3 + -1. Calculate the remainder when 37 is divided by (n/(-4))/((-4)/t).
11
Let t be (1 + -35)*(-6)/12. Suppose -5*i + 8 = -t. What is the remainder when i is divided by 2?
1
Suppo